ist the prime factors of 34091802.
2, 3, 61, 509
What are the prime factors of 58596003?
3, 151, 43117
List the prime factors of 7073255.
5, 7, 61, 3313
List the prime factors of 81907709.
13, 41, 11821
List the prime factors of 139388091.
3, 46462697
What are the prime factors of 2447534267?
19, 128817593
What are the prime factors of 100902860?
2, 5, 89, 56687
List the prime factors of 1051350234.
2, 3, 11, 73, 218213
What are the prime factors of 1230180982?
2, 541, 1136951
List the prime factors of 1154621136.
2, 3, 24054607
What are the prime factors of 396363348?
2, 3, 613, 5987
List the prime factors of 38425498.
2, 19212749
List the prime factors of 9860153.
17, 127, 4567
List the prime factors of 1644637142.
2, 131, 6277241
What are the prime factors of 28482942?
2, 3, 43, 53, 2083
What are the prime factors of 26008562?
2, 463, 28087
List the prime factors of 69685508.
2, 73, 238649
What are the prime factors of 640487128?
2, 79, 1013429
List the prime factors of 349278239.
349278239
What are the prime factors of 50752851?
3, 16917617
List the prime factors of 527806164.
2, 3, 3067, 14341
List the prime factors of 714807937.
8101, 88237
List the prime factors of 18649229.
43, 433703
List the prime factors of 2166181671.
3, 71, 10169867
List the prime factors of 475448836.
2, 1493, 79613
List the prime factors of 10169626.
2, 5084813
List the prime factors of 3356135842.
2, 1678067921
What are the prime factors of 126813949?
126813949
List the prime factors of 4888413.
3, 543157
What are the prime factors of 868705105?
5, 173741021
List the prime factors of 43135917.
3, 11, 347, 3767
List the prime factors of 1134915406.
2, 29, 211, 92737
List the prime factors of 2606350915.
5, 7, 23, 462529
List the prime factors of 24872688.
2, 3, 53, 3259
List the prime factors of 7875614949.
3, 2711, 968353
List the prime factors of 75718981.
13, 223, 26119
What are the prime factors of 294267421?
7, 19, 2212537
List the prime factors of 9474353.
7, 1353479
What are the prime factors of 74398370?
2, 5, 2393, 3109
List the prime factors of 49351291.
11, 337, 13313
What are the prime factors of 928942001?
13, 31, 74357
List the prime factors of 345984918.
2, 3, 17, 67, 50627
List the prime factors of 358302032.
2, 11, 2035807
List the prime factors of 49011148.
2, 659, 18593
List the prime factors of 3103379895.
3, 5, 7, 11, 241, 11149
What are the prime factors of 386537333?
7, 13, 23, 3769
What are the prime factors of 35664885?
3, 5, 792553
List the prime factors of 543212931.
3, 181070977
What are the prime factors of 1069308462?
2, 3, 178218077
What are the prime factors of 2044853?
31, 65963
What are the prime factors of 456835706?
2, 23, 269, 36919
List the prime factors of 470292513.
3, 283, 359, 1543
List the prime factors of 17149061.
1231, 13931
What are the prime factors of 4388742298?
2, 167, 13139947
List the prime factors of 1526114819.
293, 5208583
List the prime factors of 112983447.
3, 2621, 14369
List the prime factors of 163803790.
2, 5, 2791, 5869
What are the prime factors of 2806992202?
2, 7, 67, 101, 29629
What are the prime factors of 18730116?
2, 3, 57809
List the prime factors of 1314138430.
2, 5, 11, 11946713
List the prime factors of 21635174.
2, 11, 131, 7507
List the prime factors of 708553116.
2, 3, 6560677
What are the prime factors of 26192482?
2, 109, 137, 877
What are the prime factors of 15629333?
47, 193, 1723
List the prime factors of 1397282202.
2, 3, 2417, 32117
List the prime factors of 1247026160.
2, 5, 17, 916931
List the prime factors of 4975865644.
2, 1243966411
What are the prime factors of 4993286662?
2, 7, 13, 293, 93637
List the prime factors of 2049057848.
2, 256132231
What are the prime factors of 863240082?
2, 3, 127, 1132861
What are the prime factors of 486543047?
31, 15694937
List the prime factors of 65442227.
53, 1234759
What are the prime factors of 769567766?
2, 11, 34980353
List the prime factors of 1164311786.
2, 11, 52923263
List the prime factors of 587952204.
2, 3, 7, 6999431
What are the prime factors of 23840718?
2, 3, 11, 361223
List the prime factors of 570636321.
3, 190212107
List the prime factors of 38332486.
2, 2269, 8447
List the prime factors of 1545187597.
19, 109, 746107
List the prime factors of 62419004.
2, 523, 29837
List the prime factors of 4357850530.
2, 5, 11, 293, 135211
List the prime factors of 895645296.
2, 3, 7, 13, 22783
What are the prime factors of 395848068?
2, 3, 7, 11, 1249
List the prime factors of 84086870.
2, 5, 7, 1201241
What are the prime factors of 8190126626?
2, 11, 23, 41, 211, 1871
What are the prime factors of 4164916377?
3, 17, 59, 67, 73, 283
List the prime factors of 1551345995.
5, 73, 769, 5527
List the prime factors of 81294473.
13, 359, 17419
List the prime factors of 182813001.
3, 7, 71, 122611
List the prime factors of 2742913775.
5, 7, 2039, 7687
List the prime factors of 54005130.
2, 3, 5, 61, 1093
List the prime factors of 422783114.
2, 13, 16260889
List the prime factors of 32979342.
2, 3, 11, 499687
What are the prime factors of 68087830?
2, 5, 19, 73, 4909
What are the prime factors of 29588027?
7, 137, 30853
What are the prime factors of 96799380?
2, 3, 5, 1613323
List the prime factors of 203021706.
2, 3, 2957, 11443
List the prime factors of 24711860.
2, 5, 1235593
What are the prime factors of 26404942?
2, 13202471
List the prime factors of 5040397786.
2, 19, 1217, 108991
What are the prime factors of 86380019?
11, 23, 341423
List the prime factors of 1783697197.
1783697197
What are the prime factors of 703890209?
11, 63990019
List the prime factors of 312164557.
17, 1091, 16831
What are the prime factors of 15213083?
3547, 4289
What are the prime factors of 4574888783?
157, 281, 103699
List the prime factors of 24507340.
2, 5, 11, 13, 19, 41
List the prime factors of 31085452.
2, 17, 457139
What are the prime factors of 5822427129?
3, 1031, 1882453
List the prime factors of 2250237665.
5, 13, 34619041
List the prime factors of 40684733.
40684733
What are the prime factors of 25691472?
2, 3, 59471
What are the prime factors of 82697456?
2, 61, 84731
List the prime factors of 6818386103.
1931, 3531013
List the prime factors of 8585328328.
2, 139, 7720619
What are the prime factors of 2738854456?
2, 13, 1439, 18301
What are the prime factors of 1165816121?
1165816121
What are the prime factors of 126923309?
17, 389, 1129
List the prime factors of 2954572832.
2, 41, 1307, 1723
What are the prime factors of 649778568?
2, 3, 19, 563, 2531
What are the prime factors of 152125145?
5, 613, 49633
List the prime factors of 523625633.
12119, 43207
List the prime factors of 2298342789.
3, 2129, 39983
List the prime factors of 6576489334.
2, 3288244667
List the prime factors of 30858439.
1187, 25997
List the prime factors of 2163463183.
7, 563, 548963
What are the prime factors of 1210405224?
2, 3, 7, 7204793
List the prime factors of 184894153.
71, 197, 13219
What are the prime factors of 92500620?
2, 3, 5, 241, 6397
What are the prime factors of 212003310?
2, 3, 5, 7066777
List the prime factors of 312942159.
3, 599, 58049
List the prime factors of 7896951772.
2, 22079, 89417
List the prime factors of 7446981153.
3, 2482327051
What are the prime factors of 865655053?
865655053
List the prime factors of 26581614.
2, 3, 37, 119737
List the prime factors of 706055212.
2, 173, 281, 3631
What are the prime factors of 129015094?
2, 13, 47, 71, 1487
List the prime factors of 311622287.
19, 16401173
List the prime factors of 12518623.
13, 962971
What are the prime factors of 98338619?
98338619
List the prime factors of 318037151.
499, 637349
List the prime factors of 29589893.
73, 405341
List the prime factors of 1031873388.
2, 3, 7, 13, 71, 13309
What are the prime factors of 2773836123?
3, 137, 1549, 4357
List the prime factors of 53540005.
5, 19, 61, 9239
List the prime factors of 50508259.
4889, 10331
List the prime factors of 52528448.
2, 7, 117251
What are the prime factors of 766824484?
2, 191706121
What are the prime factors of 210467114?
2, 11, 13, 677, 1087
What are the prime factors of 3970880339?
61, 1487, 43777
What are the prime factors of 2633421232?
2, 13, 31, 149, 2741
What are the prime factors of 270965149?
7, 13, 425377
